3*h = -71 - 22. Let r = i - h. What is the tens digit of r?
1
Suppose -f + 22 = f. What is the tens digit of f?
1
Let l(s) = s**3 - 2*s**2 - 2. Suppose -4 = 5*u - 19. Let i be l(u). Suppose -2*z - i = -3*z. What is the units digit of z?
7
Suppose -4*i + 3 = -17. Let x(f) = -f**2 + 4*f + 7. What is the units digit of x(i)?
2
Suppose 2*r = -2*g + 82, -4*g = -r - 2*r + 123. Suppose -1 = m - 3*p, -6*m + 2*m + 3*p + r = 0. What is the tens digit of m?
1
Let n(g) = -6*g**2 + 9. Let j(y) = -7*y**2 + 10. Let m(s) = 5*j(s) - 6*n(s). Let d be m(-8). Suppose d = 2*l + l. What is the tens digit of l?
2
Let p = -16 - -41. What is the tens digit of p?
2
Let v = 10 + -5. Suppose v*q - 14 = 141. What is the units digit of q?
1
Suppose 107 = 6*f - 5*f. What is the units digit of f?
7
Suppose 3*r + 161 = 4*a, -8*a + 4*r = -6*a - 88. What is the units digit of a?
8
Suppose 0 = -h + 56 - 20. What is the units digit of h?
6
Suppose q + 19 = 2*i + 3, 4*q - 14 = -5*i. Suppose 4 = 5*y - i. Suppose -4 + 0 = -y*w. What is the units digit of w?
2
What is the units digit of (-3)/(-9)*(4 + 107)?
7
Let a(y) = y**3 - 3*y**2 - 4*y + 3. Let f be a(3). Let k = -5 - f. Suppose k*o = -0*i + i + 27, 3*i = -3*o + 9. What is the units digit of o?
6
Let l(h) = -h**2 + 7*h - 5. Let z(a) = 2*a**2 - 14*a + 11. Let c(y) = -5*l(y) - 2*z(y). What is the units digit of c(7)?
3
Suppose 3*k - 6 = 2*k. What is the units digit of k?
6
What is the tens digit of 15/6*44/5?
2
Suppose 2*w - 3*r - 282 = 0, w + 11*r = 6*r + 154. What is the tens digit of w?
4
Let r = 2 + 2. Let x = r - 0. What is the units digit of x?
4
Let a be 80/6 - (-1)/(-3). Let h = -5 + a. What is the units digit of h?
8
Let g(w) = -18*w**2 - 2*w - 3. Let a(x) = -18*x**2 - 2*x - 2. Let v(i) = -4*a(i) + 3*g(i). What is the units digit of v(1)?
9
Let t(s) = 3*s**2 - 3*s + 2. Let c be t(-5). What is the units digit of 6/(-33) + c/22?
4
Let s(z) = -2*z**3 - 2*z**2 + 4. Let p be s(-3). Suppose -2*r - c = c - p, -2*r + 52 = -4*c. What is the units digit of r?
2
Let f(c) = -9*c + 14. What is the units digit of f(-4)?
0
Let a(y) = 2*y**3 - 2*y. Let s = 22 + -20. What is the units digit of a(s)?
2
Let g(j) = -7*j**2 + 5*j - 11. Let u(p) = -15*p**2 + 11*p - 23. Let y(c) = -13*g(c) + 6*u(c). Let h = -1 + 1. What is the units digit of y(h)?
5
What is the units digit of 2110/26 + (-2)/13?
1
Let b(c) = 7*c - 4. Let k be b(2). Let p = 2 + k. What is the tens digit of p?
1
Suppose 3*g + 3*m = -2*g - 12, 4*g = -5*m - 7. Let k be 2/(-4) - g/6. Suppose k = 4*a - 3*a - 5. What is the units digit of a?
5
What is the units digit of (19/2)/((-2)/(-12))?
7
What is the units digit of ((-20)/8*14)/(-1)?
5
Let b be -3 + 2 - 2 - -4. Suppose 0 = 4*v + 5*d + 10, -3 = 2*v + 3*d + b. Let n(s) = s**2 + 4*s - 4. What is the units digit of n(v)?
1
Let m = -82 - -143. What is the units digit of m?
1
Suppose -a + 3*s + 49 = 0, 8*a - 3*a = 5*s + 295. What is the tens digit of a?
6
Let x(k) = 2*k**2 - 7*k - 2. What is the tens digit of x(6)?
2
What is the tens digit of (-16)/40 - 234/(-10)?
2
Let o = 53 - 17. What is the units digit of o?
6
Let x = 43 - 5. What is the tens digit of x?
3
Let o = -2 - -4. Let b = 1 - o. Let q = 6 + b. What is the units digit of q?
5
What is the hundreds digit of (357/(-9) - -3)/(2/(-6))?
1
Let y be 3 + -2 + (-3 - 0). Let r(i) = i**3 + i**2 + 6. Let g be r(0). Let o = g + y. What is the units digit of o?
4
Let b = -8 + -4. Let a(m) = m**3 + 11*m**2 - 16*m - 3. What is the units digit of a(b)?
5
Suppose 0 = 3*t - 76 - 140. Suppose 0*k + 3*k = t. What is the units digit of k?
4
Let a(c) = c**2 + 17*c + 21. What is the units digit of a(-16)?
5
Let l = 13 - 6. Let t = l + -2. Suppose -2*v = -t*v + 5*x + 26, 3*v - 34 = x. What is the units digit of v?
2
Let b = 23 + -15. Suppose -b*k + 10 = -3*k. Suppose 24 = 5*h - k*h. What is the units digit of h?
8
Let g be (9/6)/(9/(-48)). Let j(o) = -2*o - 11. Let l be j(g). Suppose 0 = f + 5, -l*f = -0*u + 2*u + 23. What is the units digit of u?
1
Let j = 9 + -2. Suppose -f + 0*f = -j. Let k = f - 4. What is the units digit of k?
3
Suppose 4*s - 285 = 883. What is the tens digit of s?
9
Let r(n) be the second derivative of -n**3/3 - n**2/2 + 2*n. What is the tens digit of r(-6)?
1
Let n be 1*(-2 + 4) + 0. Suppose 0*g = n*q - 4*g - 100, g - 150 = -3*q. Suppose 2*y + 3*y - q = 0. What is the tens digit of y?
1
Let c = 3 - 1. Suppose -c*n = -6, y - 1 = 2*y - 2*n. What is the units digit of y?
5
Let v(q) be the third derivative of q**5/20 - q**4/12 + q**3/3 - q**2. Let u be v(2). What is the units digit of -2 + 1/(-1) + u?
7
Let v be (-44)/(-5) + 2/10. Let c be (v/(0 + 3))/1. Suppose 3*r + r + 9 = q, -r = c*q - 14. What is the units digit of q?
5
Let y = 40 + -25. What is the tens digit of y?
1
What is the tens digit of (12/10)/((-3)/(-140))?
5
Let j = -2 - -2. Suppose -4*m + 2*l + 14 = j, 0 + 6 = -4*m - 2*l. What is the units digit of m/4 + 124/16?
8
Suppose 4 = j - 5*j, -4*a + 22 = 2*j. What is the units digit of -8*(-27)/a + -2?
4
Suppose 2*k = 7*k. Suppose k*h + h = 26. What is the units digit of h?
6
Let z be 8/10*15/(-2). Let x be (-4)/6*z*1. Suppose 2*b - 3*u = 44, 32 = 3*b - x*u - 34. What is the units digit of b?
2
Let g(z) = -z**3 - 6*z**2 + 8*z + 5. Let h be g(-6). Let s = -21 - h. What is the units digit of s?
2
Let v = 2 - -1. What is the units digit of 12 + -1 + (v - 3)?
1
Let i(n) = -n - 10. Let g be i(-10). Suppose 4*s - d - 54 = -g*s, 6 = s - 4*d. Let z(p) = p**3 - 13*p**2 - 15*p + 17. What is the units digit of z(s)?
3
Let c = -4 - -9. Suppose c*k - 6 + 1 = 0. What is the units digit of k?
1
Let u(v) = v**3 + 8*v**2 + 7*v + 1. Let c be u(-7). Let s be 4*(3/(-6) + c). Suppose -5 = h + s*w - 18, 0 = -w - 4. What is the tens digit of h?
2
Suppose 0 = 5*h + 5*g - 5, 0 = 2*h - 3*h - 5*g - 7. Suppose -2*p + 175 = h*p. What is the units digit of p?
5
Let t(r) = r**3 + 9*r**2 + 8*r + 8. Let u be t(-8). What is the units digit of (-1)/4 + 314/u?
9
Suppose -3*r = -r. Let t be 3 - r - (-4 - -3). Suppose 10 = u + t*u. What is the units digit of u?
2
Let r = 59 + -54. Suppose 27 = -0*c + 3*c. Suppose 1 + c = r*l. What is the units digit of l?
2
Let l(y) = -y**3 + 14*y**2 - 17*y + 22. What is the units digit of l(12)?
6
Let m(f) = 10*f**3 + 4*f**2 - 6. What is the units digit of m(3)?
0
Let q(w) be the second derivative of w**5/20 + w**4/4 - 2*w**3/3 + 5*w**2/2 + 8*w. What is the units digit of q(-4)?
5
What is the units digit of (1 - -20)/((-2)/(-2))?
1
Let h be (116/(-12))/(3/(-9)). Let l = h - -13. What is the units digit of l?
2
Let f = -20 + 24. Let r = f + 18. What is the units digit of r?
2
Let p(w) = 5*w**2 + 3*w - 27. What is the tens digit of p(-7)?
9
Suppose -a = 4*c + 8, -4*c = 5*a + c + 10. Let r be (0 + a)*2/4. Suppose 0 = 3*x - r*x - 36. What is the units digit of x?
2
Suppose 37 = 4*d - 135. What is the tens digit of d?
4
Let n(f) be the third derivative of f**4/24 - 2*f**3/3 - 3*f**2. What is the units digit of n(9)?
5
Suppose 2*i + 3*i - 110 = 0. What is the units digit of i?
2
Suppose 14*o - 19*o + 25 = 0. What is the units digit of o?
5
Let x = 60 - -59. What is the tens digit of x?
1
Suppose 0 = 6*k - k - 10. Suppose 85 = k*o + 21. What is the tens digit of o?
3
Let o = 8 - -26. Let h = -51 - -30. Let f = h + o. What is the tens digit of f?
1
What is the tens digit of 23*6 + (-3)/((-1)/(-1))?
3
Suppose -5*g - 2*r + 514 = -g, 0 = -g - r + 128. What is the tens digit of g?
2
Let n = -4 - -6. Suppose r - n*r = -3. Suppose -2*y + 4*y + 10 = l, -r*l - 4*y = 0. What is the units digit of l?
4
What is the units digit of 56/3*(14 + -2)?
4
Suppose -k - k = -5*b + 315, 0 = -3*b + 3*k + 180. What is the units digit of b?
5
Suppose -4*l + 5*a = -108, 0*l + 4*a = 2*l - 48. What is the units digit of l?
2
Suppose -x = s - 17, -3*x + 0*x = 4*s - 46. What is the tens digit of x?
2
Let s(t) be the second derivative of t**5/20 - t**4/12 + t**3/6 + 4*t**2 + 3*t. What is the units digit of s(0)?
8
Suppose -2*n - 2*w = -9 - 107, -5*n - 4*w = -289. What is the tens digit of n?
5
Let t = -1 + 7. Let j(d) = -d**2 + d + 10. Let s be j(0). Suppose q = t*q - s. What is the units digit of q?
2
Let l = 1 - -1. Suppose -h = -l*h. Suppose 2*m + m - 6 = h. What is the units digit of m?
2
Suppose -10 - 10 =